175312 a multiple of 41?
False
Does 10110 divide 3147667620?
True
Is 15250200 a multiple of 1400?
True
Is 214131170 a multiple of 2?
True
Is 7 a factor of 8938849?
False
Is 15843904 a multiple of 562?
True
Does 361 divide 199883173?
True
Does 31 divide 21301402?
True
Does 8 divide 131196672?
True
Is 14 a factor of 13786644?
False
Is 114593885 a multiple of 25?
False
Is 756 a factor of 72674313?
False
Is 2151136 a multiple of 416?
True
Is 228827227 a multiple of 309?
False
Is 3543815 a multiple of 4?
False
Is 31084971 a multiple of 746?
False
Is 681 a factor of 3510270427?
False
Is 187806787 a multiple of 5?
False
Is 76999825 a multiple of 467?
False
Is 502 a factor of 92067994?
False
Is 1115127293 a multiple of 6?
False
Does 4731 divide 22877026?
False
Is 30 a factor of 157096710?
True
Does 108 divide 5180112?
True
Is 23 a factor of 5690683?
True
Does 267 divide 646092474?
True
Is 859044782 a multiple of 17?
True
Is 13231 a factor of 3038340378?
True
Is 132319021 a multiple of 9?
False
Is 60884431 a multiple of 4?
False
Does 100 divide 799182400?
True
Does 10 divide 389630482?
False
Does 124 divide 125413228?
True
Does 24 divide 7796926?
False
Does 9169 divide 3954346197?
False
Is 583 a factor of 5919809401?
True
Is 29 a factor of 517505418?
False
Is 165353011 a multiple of 2668?
False
Is 1201934754 a multiple of 2066?
True
Does 330 divide 22191840?
True
Does 6 divide 6468290?
False
Is 230120123 a multiple of 698?
False
Is 1139249684 a multiple of 699?
False
Does 47 divide 840205341?
False
Does 1405 divide 37238120?
True
Is 246582171 a multiple of 1181?
True
Is 132441698 a multiple of 105?
False
Does 184 divide 45848016?
True
Is 168939225 a multiple of 13?
True
Is 67940840 a multiple of 44?
True
Does 137 divide 327694136?
True
Is 79979600 a multiple of 59?
False
Is 2692551 a multiple of 2?
False
Is 29 a factor of 93437010?
False
Does 2 divide 8439608?
True
Is 4142 a factor of 65099750?
False
Is 1417 a factor of 850701844?
False
Does 139 divide 53333118?
False
Does 25 divide 47427341?
False
Is 335583456 a multiple of 339?
False
Does 5224 divide 228764251?
False
Is 22 a factor of 17545044?
True
Is 56 a factor of 3262728?
True
Does 13 divide 39386893?
True
Is 21 a factor of 774769036?
False
Is 102 a factor of 108482706?
False
Does 7 divide 49812247?
False
Does 30 divide 141565653?
False
Is 302119146 a multiple of 26?
False
Does 5 divide 66060190?
True
Does 310 divide 951548840?
False
Is 27 a factor of 72740851?
False
Does 18 divide 27163839?
False
Is 991138795 a multiple of 37?
True
Does 31 divide 422003?
True
Is 18112497 a multiple of 17?
True
Does 125 divide 361440750?
True
Is 1740 a factor of 553759513?
False
Is 3455688 a multiple of 274?
True
Is 6814 a factor of 163286261?
False
Does 80 divide 4887295?
False
Is 1945 a factor of 1302135?
False
Is 100721215 a multiple of 1813?
True
Is 48272261 a multiple of 71?
True
Is 34 a factor of 15229042?
True
Does 13 divide 116115824?
False
Does 6 divide 23929217?
False
Is 1860191586 a multiple of 66?
True
Is 11 a factor of 97898812?
True
Does 729 divide 397839422?
False
Does 3204 divide 1141662096?
True
Is 4735238 a multiple of 14?
False
Is 17 a factor of 14865548?
True
Is 709 a factor of 551086557?
True
Is 7407 a factor of 112430853?
True
Is 304267860 a multiple of 585?
True
Does 3821 divide 225060721?
True
Is 235099232 a multiple of 688?
True
Is 1638227480 a multiple of 253?
False
Is 75247469 a multiple of 10?
False
Is 1185 a factor of 3165843?
False
Is 818 a factor of 11652106?
False
Is 143 a factor of 2827006270?
False
Does 49 divide 147072520?
True
Does 101 divide 391829702?
True
Is 97 a factor of 127778100?
True
Is 184 a factor of 166539688?
True
Is 176742270 a multiple of 45?
True
Does 366 divide 336060922?
False
Is 149 a factor of 44315308?
False
Does 437 divide 1318969132?
True
Is 1434437325 a multiple of 9?
True
Does 1604 divide 1451347320?
True
Does 32 divide 71834930?
False
Is 242754708 a multiple of 439?
True
Does 8 divide 4848131?
False
Does 203 divide 174820555?
True
Does 13 divide 39277504?
False
Is 283592935 a multiple of 169?
False
Is 197828217 a multiple of 1269?
True
Is 66 a factor of 66094787?
False
Is 2087 a factor of 493768170?
False
Does 235 divide 43427765?
True
Is 2658 a factor of 2071335033?
False
Is 144145014 a multiple of 1809?
False
Does 73 divide 12654404?
True
Does 329 divide 23020667?
False
Does 201 divide 216342531?
True
Is 1708224 a multiple of 672?
True
Is 82 a factor of 313719521?
False
Is 1238945800 a multiple of 1370?
True
Does 14 divide 56654397?
False
Is 394748527 a multiple of 3290?
False
Does 35 divide 112168735?
True
Is 156 a factor of 174017220?
True
Does 142 divide 374484865?
False
Does 12185 divide 1642793885?
True
Is 10 a factor of 3983611600?
True
Does 37 divide 8403578?
False
Is 302 a factor of 288579120?
True
Does 19 divide 269712004?
False
Is 380 a factor of 552759906?
False
Is 1550355436 a multiple of 44?
False
Is 700 a factor of 77538885?
False
Is 421 a factor of 2896024057?
True
Is 12 a factor of 481473504?
True
Does 261 divide 19717506?
True
Is 4136423775 a multiple of 2167?
True
Does 605 divide 11046695?
True
Does 132 divide 335039232?
True
Is 84 a factor of 270161724?
True
Is 134 a factor of 93565959?
False
Does 746 divide 943157498?
False
Is 523 a factor of 9504479?
True
Is 128626848 a multiple of 13?
False
Is 936 a factor of 326579460?
False
Is 1813751 a multiple of 2?
False
Is 3904381 a multiple of 3?
False
Is 4 a factor of 1952091?
False
Is 26 a factor of 95755426?
True
Is 167 a factor of 367465456?
False
Does 1266 divide 223687166?
False
Is 1848568395 a multiple of 433?
False
Does 1065 divide 75438210?
True
Is 512068615 a multiple of 2105?
True
Is 299 a factor of 5047247765?
False
Is 67627168 a multiple of 16?
True
Does 1217 divide 44118792?
False
Is 548775300 a multiple of 25?
True
Is 74704223 a multiple of 138?
False
Is 276 a factor of 9939428?
False
Is 115863277 a multiple of 392?
False
Is 62 a factor of 316858874?
True
Does 59 divide 51842474?
True
Is 36860556 a multiple of 202?
True
Is 984428979 a multiple of 521?
True
Is 494070904 a multiple of 39?
False
Is 1663 a factor of 95378039?
True
Does 240 divide 1665018642?
False
Does 2498 divide 34762168?
True
Is 139 a factor of 11101205?
False
Does 1129 divide 872774305?
False
Is 2904 a factor of 600313975?
False
Is 337 a factor of 284689175?
True
Does 232 divide 49276568?
True
Is 1720620300 a multiple of 20?
True
Does 10 divide 395295227?
False
Does 2321 divide 680317594?
True
Does 63 divide 14471313?
False
Is 87936730 a multiple of 73?
False
Does 29 divide 3392674265?
False
Is 1459 a factor of 205953899?
True
Is 678571668 a multiple of 4302?
True
Is 37 a factor of 42707694?
True
Does 74 divide 427678338?
True
Is 1004912 a multiple of 9?
False
Is 929374730 a multiple of 155?
True
Is 4164279 a multiple of 1239?
True
Does 1018 divide 23454720?
True
Does 1084 divide 1798134?
False
Does 20 divide 103281740?
True
Does 4615 divide 497855938?
False
Is 10220700 a multiple of 1570?
True
Is 225032759 a multiple of 9?
False
Is 1247981410 a multiple of 3970?
True
Does 861 divide 882275066?
False
Does 182 divide 2434848962?
True
Is 32 a factor of 3629409127?
False
Is 232376067 a multiple of 21?
True
Is 2801 a factor of 43102524?
False
Is 56897298 a multiple of 1074?
True
Is 105479249 a multiple of 787?
True
Does 1687 divide 188700693?
False
Does 149 divide 5568044?
False
Does 620 divide 144339100?
True
Is 73 a factor of 56384565?
False
Is 3223905598 a multiple of 1123?
False
Does 2439 divide 2667084018?
False
Is 82592146 a multiple of 1274?
True
Does 24 divide 30026390?
False
Does 2692 divide 20381132?
True
Is 314554636 a multiple of 371?
False
Is 43 a factor of 13696346?
False
Is 43 a factor of 33273529?
True
Is 9 a factor of 465206238?
True
Does 2674 divide 220048808?
True
Does 398 divide 6338641?
False
Is 479 a factor of 621202167?
True
Is 116471906 a multiple of 4?
False
Does 21 divide 65598259?
False
Is 129965100 a multiple of 9?
False
Does 115 divide 88042795?
False
Does 30 divide 1154126400?
True
Is 8504084 a multiple of 191?
True
Is 8386 a factor of 847588605?
False
Is 69571492 a multiple of 16?
False
Is 8 a factor of 408982400?
True
Is 398979 a multiple of 63?
True
Is 472 a factor of 104799